= 186 + p. Calculate the greatest common divisor of 8 and z.
8
Let g(i) = 2*i**2 + 11*i + 15. Let x be g(-6). What is the highest common factor of 14 and x?
7
Let u be 9/1*22/3. Suppose -22 = 5*f + 13. Let q = f - -13. What is the greatest common factor of u and q?
6
Let u(i) = 11*i + 2 + 0 + 3 + 2*i**2 + 5. Let d be u(-8). What is the greatest common factor of d and 10?
10
Let l be (-2)/(-8) + 1821/12. What is the highest common divisor of l and 38?
38
Suppose j - 38 = -0*j. What is the greatest common factor of 418 and j?
38
Suppose -3*a + 41 = 17. Let l(r) = a - r - 4 + 3. Let y be l(-5). What is the highest common factor of 2 and y?
2
Let m(f) = -f**2 + 4*f + 9. Let x be m(5). Let s be -2 + -2 + 18 - x. What is the highest common divisor of 70 and s?
10
Let k(t) be the second derivative of -59*t**3/3 + t**2/2 - 2*t. Suppose -6 = 2*i - 4. Let u be k(i). Calculate the highest common factor of u and 17.
17
Let o(b) = 3*b**2 - 4*b + 7. Let s be o(2). Calculate the greatest common divisor of 22 and s.
11
Let w = 28 - 17. Suppose -p + 1 = 0, 2*s + 2*p - p - 155 = 0. Calculate the greatest common divisor of s and w.
11
Let f(r) = 9*r + 14. Let o be f(4). What is the highest common divisor of 75 and o?
25
Let k(g) = 5*g - 5. Let a be k(4). Suppose 0*z - 2*z + 90 = 0. What is the greatest common divisor of a and z?
15
Let j(z) = 6*z + 14. Let y be j(5). What is the highest common divisor of y and 11?
11
Let v be (1 - ((-1)/(-2) - -1))*-84. Let d be -2 - 3/((-3)/116). Suppose 5*a = 3*w + d, 6*a - 2*a = -w + 81. What is the greatest common factor of a and v?
21
Let t(o) = -o - 2. Let a be t(-8). Let s be 5 + (2/(-2))/((-12)/(-36)). Calculate the greatest common divisor of s and a.
2
Suppose -4*p = -3*p - 3, p + 9 = 3*y. Suppose -77 = -5*v + 38. Let h = v - -13. Calculate the highest common factor of y and h.
4
Let v be (-3)/(-12) - (-17)/(-4). Let a be 1/v + (-118)/8. Let y be 3/a + 1158/15. Calculate the highest common divisor of y and 7.
7
Let w be 3*1 + (4 - 6 - -2). Calculate the greatest common divisor of w and 9.
3
Let r = 15 + -7. Let z(q) = -8*q**2 + 4. Let m be z(-4). Let s = m - -212. Calculate the highest common factor of s and r.
8
Suppose -24*t + 60 = -20*t. Calculate the greatest common divisor of t and 105.
15
Let h(r) = -r**2 + 10*r - 5. Let k be h(9). Suppose 46 + 24 = 5*p - 5*x, 5*p = -k*x + 106. Calculate the highest common divisor of 162 and p.
18
Let b(z) be the first derivative of 1/2*z**2 + 4*z + 1/3*z**3 + 3. Let m be b(-4). Calculate the highest common factor of m and 80.
16
Let j be 174/54 + (-4)/18. Suppose j*t + t - 8 = 0. Calculate the highest common factor of 5 and t.
1
Let f(m) = m**2 + m - 4. Let g be f(-5). Suppose 0 = -3*z + 504 + 24. What is the highest common factor of g and z?
16
Let o be 102 + -1 + 2*-1. Let w = -47 + 89. Suppose -8*q - w = -2*b - 4*q, -b = 2*q - 1. What is the greatest common factor of o and b?
11
Suppose 11*o - 5*o = 60. Calculate the greatest common factor of o and 90.
10
Let k(q) = -8*q + 4. Let w be k(-4). Calculate the highest common divisor of 24 and w.
12
Let i be 2/8 + 118/8. Suppose v + l - 10 = 0, -5*l = -0*v - 2*v - 8. What is the highest common factor of i and v?
3
Let k be 16/(-3)*60/(-8). Suppose 95 + 169 = 4*q. Suppose 0 = -3*t - q + 246. What is the highest common factor of t and k?
20
Suppose 5*m + 4*j = 153, -2*m + 2*j + 18 = -36. Calculate the greatest common divisor of m and 232.
29
Let y be -7*(40/(-14) + 2). Suppose -270 = -n - 2*n. Suppose -i - n = -y*i. What is the highest common factor of i and 9?
9
Let c = -115 + 225. Suppose -2*g - 4*t + 40 = -0*g, 5 = t. What is the greatest common divisor of g and c?
10
Let i(b) = -3*b**2 + 3*b. Let o be i(2). Let s = 7 + o. What is the highest common divisor of 2 and s?
1
Let v(o) = -2*o - 1. Let b be v(-2). Suppose -4*a = -2*r - 96, b*r = 2*r + 4. Calculate the highest common factor of a and 13.
13
Suppose 5*p - 5*g = 5, -p + 3*g - 4*g = -7. Calculate the greatest common factor of p and 2.
2
Let f be (-2)/(1*(-4 + 2)). Let l be (1/2)/((-3)/(18/(-3))). Calculate the greatest common factor of f and l.
1
Suppose -3*k + 72 = -n + 29, -3*n - 3 = 0. Let g be (49/3)/((-1)/(-6)). Calculate the greatest common factor of k and g.
14
Let f(c) = -23*c + 9. Let p be f(-9). Calculate the greatest common factor of p and 27.
27
Suppose 3*q - 3*j = 180, 5*j = j + 20. Let a be (-4 + 0 - -5) + 12. Calculate the greatest common factor of a and q.
13
Let j = 201 - 172. What is the highest common factor of 29 and j?
29
Suppose 2*z = -3*v - 2*v + 6, 0 = -2*v - 5*z - 6. Suppose -17 = -5*q - v. Calculate the greatest common factor of 2 and q.
1
Suppose 0 = 11*r - 7*r - 108. Calculate the highest common factor of 27 and r.
27
Suppose 4 = 2*v, 0*r = -3*r + v - 11. Let b be ((-18)/r - -2) + 3. What is the greatest common factor of b and 1?
1
Let t = 188 + -123. What is the highest common divisor of 26 and t?
13
Let h(m) = m**2 + 6*m + 8. Let w be h(-6). Let u be (-1959)/4 - 2/w. Let p be u/(-18) + (-4)/18. What is the greatest common factor of 9 and p?
9
Let n be (-3)/(4/(-252)*1). Calculate the greatest common divisor of 27 and n.
27
Let t(f) = -6*f + 0*f - 5 + 4*f. Let o be t(-4). What is the highest common divisor of 27 and o?
3
Suppose 0 = -4*k + 2*k + 48. Suppose 0 = -4*z + 4*q + 64, k = 3*z + 5*q - 0*q. What is the highest common divisor of z and 13?
13
Let b(z) = -z**2 - 3*z + 1. Let j be b(-4). Let p be (24/(-16))/((-6)/8). Let f be (-12)/p*5/j. What is the greatest common factor of 10 and f?
10
Let h(s) = s**3 - 21 - 2*s + s**2 + 22 + 0*s**2. Let z be h(1). Suppose 0 = j + 2*l - 6 - z, -l = 3*j - 41. What is the greatest common factor of j and 105?
15
Let v be (5/((-5)/41))/(1*-1). What is the highest common divisor of v and 82?
41
Suppose -5*n - 2*z = -41, 3*n + 2*z = -3*z + 17. Calculate the greatest common factor of n and 12.
3
Let c be 5 - 51 - (0 + 1). Let o = -7 - c. Let l(r) = 2*r + 1. Let g be l(2). What is the highest common factor of o and g?
5
Suppose -j + 1 = -11. Let b be ((-90)/j)/(6/(-8)). What is the highest common factor of b and 80?
10
Suppose 45 = 7*d - 2*d. Let h = -82 + 91. Calculate the greatest common factor of d and h.
9
Let b(d) = -d**2 + 2*d + 20. Let z be b(5). Calculate the greatest common factor of 25 and z.
5
Suppose 3*q - 17 - 1 = x, 4*x + 16 = 4*q. Let l = 18 - q. Calculate the highest common divisor of l and 88.
11
Let w(a) = -1 - 163*a**2 + 0*a + 0*a. Let t be w(-1). Let r be t/(-10) - (-2)/(-5). Calculate the greatest common factor of 144 and r.
16
Suppose 0 = -3*g + 4*n + 36, 0*n = -2*n + 6. What is the greatest common factor of g and 4?
4
Suppose k - 12 = -5. Calculate the greatest common divisor of k and 7.
7
Let o(w) = -2*w + 36. Let z be o(-10). What is the highest common divisor of z and 7?
7
Suppose 0 = 5*t - 2*t - 255. Calculate the highest common factor of 34 and t.
17
Suppose 0 = -d - 5*u + 23, -5*u + 9 + 18 = -d. Let o be (-66)/(d + 3 + -3). Calculate the greatest common divisor of o and 11.
11
Let z = -6 - 4. Let a be 1*12*z/(-4). Suppose 2*i - 75 = -3*i. Calculate the highest common divisor of a and i.
15
Suppose 72 = 5*u - 188. What is the greatest common factor of u and 13?
13
Suppose -4*j - 11 = 2*b - 49, 4*j + 3*b - 39 = 0. What is the highest common factor of j and 6?
3
Let q be -5 + 2/(2*1). Let d(y) be the third derivative of -y**5/60 - y**4/4 - 5*y**3/6 - 7*y**2. Let f be d(q). What is the highest common divisor of f and 15?
3
Suppose 0 = -2*h - 66 - 10. Let c be (-2 - h/4)*2. Suppose 4*q = -4*t + 147 + 277, 4*q + 5*t = 425. Calculate the greatest common factor of c and q.
15
Suppose -3*y + g = 40 - 10, 3*y = -4*g - 30. Let c(t) = -t**3 - 11*t**2 - 10*t + 4. Let r be c(y). What is the highest common divisor of 20 and r?
4
Let a be 6*(6/27)/((-4)/(-6)). What is the greatest common divisor of a and 4?
2
Let m be ((-14)/(-6))/((-3)/(-45)). What is the highest common divisor of 5 and m?
5
Let m = 6 - 4. Suppose 4*t = m + 58. What is the highest common factor of 30 and t?
15
Let l(r) = r**3 + 5*r**2 + 5*r + 2. Let v be l(-3). Let s(z) = 8*z - 7. Let w be s(v). Suppose 0 = -2*y + 6. Calculate the highest common factor of y and w.
3
Suppose 4*z - 7*z + 552 = 0. Suppose -5*a + a = -z. Suppose d - 4